 76878 is divided by 76844?
34
What is the remainder when 14123 is divided by 471?
464
Calculate the remainder when 102624 is divided by 51305.
14
Calculate the remainder when 508265 is divided by 7366.
11
What is the remainder when 4480 is divided by 46?
18
Calculate the remainder when 1172687 is divided by 390889.
20
What is the remainder when 131699 is divided by 744?
11
What is the remainder when 78137 is divided by 26039?
20
What is the remainder when 160 is divided by 155?
5
Calculate the remainder when 656062 is divided by 114.
106
What is the remainder when 4724 is divided by 783?
26
What is the remainder when 338547 is divided by 163?
159
What is the remainder when 11629 is divided by 581?
9
What is the remainder when 30595 is divided by 10146?
157
Calculate the remainder when 7498 is divided by 3648.
202
What is the remainder when 13325 is divided by 4439?
8
What is the remainder when 19338 is divided by 54?
6
Calculate the remainder when 114757 is divided by 40.
37
What is the remainder when 366627 is divided by 72?
3
What is the remainder when 40195 is divided by 52?
51
Calculate the remainder when 472 is divided by 101.
68
Calculate the remainder when 84984 is divided by 52.
16
Calculate the remainder when 710778 is divided by 119.
110
What is the remainder when 88809 is divided by 2022?
1863
What is the remainder when 179572 is divided by 89785?
2
Calculate the remainder when 1237497 is divided by 660.
657
What is the remainder when 32141 is divided by 1887?
62
What is the remainder when 5466 is divided by 23?
15
What is the remainder when 498146 is divided by 41?
37
What is the remainder when 5256 is divided by 881?
851
Calculate the remainder when 58044 is divided by 186.
12
What is the remainder when 649502 is divided by 286?
282
Calculate the remainder when 263121 is divided by 18.
15
Calculate the remainder when 83212 is divided by 51.
31
Calculate the remainder when 159088 is divided by 33.
28
What is the remainder when 1519123 is divided by 506373?
4
Calculate the remainder when 17199 is divided by 5731.
6
Calculate the remainder when 27846 is divided by 27843.
3
Calculate the remainder when 1449 is divided by 272.
89
What is the remainder when 7999 is divided by 285?
19
Calculate the remainder when 30750177 is divided by 34.
33
Calculate the remainder when 357895 is divided by 22.
21
What is the remainder when 96745 is divided by 4030?
25
What is the remainder when 811518 is divided by 317?
315
Calculate the remainder when 2491 is divided by 44.
27
What is the remainder when 6773 is divided by 2417?
1939
Calculate the remainder when 1683 is divided by 155.
133
Calculate the remainder when 3321 is divided by 1195.
931
Calculate the remainder when 15386 is divided by 64.
26
What is the remainder when 1053 is divided by 205?
28
What is the remainder when 1484 is divided by 366?
20
What is the remainder when 100021 is divided by 538?
491
Calculate the remainder when 87510 is divided by 32.
22
What is the remainder when 124 is divided by 18?
16
Calculate the remainder when 909781 is divided by 147.
145
Calculate the remainder when 58638 is divided by 8.
6
What is the remainder when 2271786 is divided by 2265?
2256
Calculate the remainder when 23632 is divided by 23591.
41
Calculate the remainder when 4350799 is divided by 273.
271
Calculate the remainder when 160900 is divided by 1257.
4
What is the remainder when 1414 is divided by 1328?
86
Calculate the remainder when 425904 is divided by 35486.
72
Calculate the remainder when 31195 is divided by 678.
7
What is the remainder when 68059 is divided by 3581?
20
Calculate the remainder when 1148 is divided by 37.
1
What is the remainder when 52968 is divided by 375?
93
Calculate the remainder when 8243 is divided by 3537.
1169
Calculate the remainder when 3942 is divided by 127.
5
What is the remainder when 10791053 is divided by 17?
14
Calculate the remainder when 19695 is divided by 132.
27
What is the remainder when 1652 is divided by 1627?
25
Calculate the remainder when 551 is divided by 236.
79
What is the remainder when 6100498 is divided by 14?
12
Calculate the remainder when 1282 is divided by 56.
50
What is the remainder when 4790 is divided by 293?
102
Calculate the remainder when 583 is divided by 137.
35
Calculate the remainder when 3270 is divided by 1624.
22
What is the remainder when 21046 is divided by 2993?
95
What is the remainder when 12951 is divided by 501?
426
What is the remainder when 274201 is divided by 209?
202
What is the remainder when 274245 is divided by 91405?
30
Calculate the remainder when 125751 is divided by 5.
1
Calculate the remainder when 1027 is divided by 503.
21
Calculate the remainder when 8194 is divided by 40.
34
What is the remainder when 3922 is divided by 1227?
241
What is the remainder when 116174 is divided by 212?
210
What is the remainder when 7513 is divided by 14?
9
What is the remainder when 37246 is divided by 1?
0
What is the remainder when 658493 is divided by 337?
332
What is the remainder when 17622 is divided by 360?
342
What is the remainder when 4857558 is divided by 20?
18
Calculate the remainder when 496269 is divided by 49.
46
What is the remainder when 2939394 is divided by 426?
420
Calculate the remainder when 113050 is divided by 20.
10
What is the remainder when 98040 is divided by 79?
1
Calculate the remainder when 155699 is divided by 60.
59
Calculate the remainder when 9584 is divided by 222.
38
Calculate the remainder when 1824 is divided by 21.
18
Calculate the remainder when 11822 is divided by 5869.
84
What is the remainder when 120434 is divided by 30107?
6
Calculate the remainder when 7445 is divided by 17.
16
What is the remainder when 3352 is divided by 1547?
258
Calculate the remainder when 18720 is divided by 668.
16
What is the remainder when 4841 is divided by 1495?
356
Calculate the remainder when 4583 is divided by 416.
7
Calculate the remainder when 4505 is divided by 6.
5
Calculate the remainder when 11119 is divided by 2220.
19
Calculate the remainder when 30652 is divided by 39.
37
What is the remainder when 97785 is divided by 48884?
17
What is the remainder when 38147 is divided by 9521?
63
What is the remainder when 2913 is divided by 20?
13
What is the remainder when 432622 is divided by 4283?
39
What is the remainder when 10779 is divided by 971?
98
What is the remainder when 16506 is divided by 2739?
72
Calculate the remainder when 1342 is divided by 43.
9
Calculate the remainder when 14909 is divided by 311.
292
Calculate the remainder when 2823 is divided by 157.
154
What is the remainder when 1545 is divided by 341?
181
What is the remainder when 65620 is divided by 21867?
19
What is the remainder when 11310114 is divided by 13?
10
Calculate the remainder when 3598 is divided by 1119.
241
What is the remainder when 237087 is divided by 85?
22
Calculate the remainder when 353749 is divided by 353721.
28
Calculate the remainder when 7422 is divided by 182.
142
Calculate the remainder when 4539 is divided by 1333.
540
Calculate the remainder when 6102 is divided by 2962.
178
What is the remainder when 830218 is divided by 45?
13
Calculate the remainder when 835008 is divided by 481.
473
What is the remainder when 26379 is divided by 13186?
7
What is the remainder when 1822 is divided by 472?
406
Calculate the remainder when 6211 is divided by 1317.
943
Calculate the remainder when 43894 is divided by 43791.
103
What is the remainder when 9581 is divided by 17?
10
Calculate the remainder when 645 is divided by 40.
5
What is the remainder when 4733 is divided by 320?
253
Calculate the remainder when 278876 is divided by 24.
20
What is the remainder when 7167 is divided by 3381?
405
What is the remainder when 1577307 is divided by 1110?
1107
What is the remainder when 5544 is divided by 22?
0
What is the remainder when 9787 is divided by 8831?
956
What is the remainder when 41370 is divided by 637?
602
What is the remainder when 1136857 is divided by 1266?
1255
Calculate the remainder when 5243 is divided by 119.
7
Calculate the remainder when 54281 is divided by 329.
325
What is the remainder when 187456 is divided by 314?
312
Calculate the remainder when 57269 is divided by 5202